ided by 3181.
126
Calculate the remainder when 487125 is divided by 151.
150
Calculate the remainder when 18417 is divided by 9206.
5
What is the remainder when 1012 is divided by 57?
43
Calculate the remainder when 2803 is divided by 1819.
984
Calculate the remainder when 84188 is divided by 19.
18
Calculate the remainder when 506398 is divided by 800.
798
Calculate the remainder when 500 is divided by 11.
5
What is the remainder when 606 is divided by 82?
32
What is the remainder when 3142 is divided by 637?
594
Calculate the remainder when 1402 is divided by 653.
96
Calculate the remainder when 19180 is divided by 263.
244
Calculate the remainder when 243847 is divided by 210.
37
Calculate the remainder when 27324 is divided by 3408.
60
What is the remainder when 9916773 is divided by 8?
5
Calculate the remainder when 464706 is divided by 21.
18
What is the remainder when 18110 is divided by 9051?
8
Calculate the remainder when 3086 is divided by 250.
86
What is the remainder when 30532 is divided by 727?
725
Calculate the remainder when 7830 is divided by 711.
9
Calculate the remainder when 22094 is divided by 287.
282
Calculate the remainder when 2038 is divided by 901.
236
What is the remainder when 11161 is divided by 932?
909
What is the remainder when 13305 is divided by 26?
19
What is the remainder when 3690 is divided by 291?
198
What is the remainder when 392 is divided by 26?
2
Calculate the remainder when 193538 is divided by 26.
20
Calculate the remainder when 37708 is divided by 118.
66
What is the remainder when 61121 is divided by 183?
182
Calculate the remainder when 20259 is divided by 6344.
1227
Calculate the remainder when 8826 is divided by 1373.
588
Calculate the remainder when 19833 is divided by 674.
287
What is the remainder when 320 is divided by 230?
90
Calculate the remainder when 72 is divided by 3.
0
What is the remainder when 6031 is divided by 657?
118
What is the remainder when 6957 is divided by 18?
9
Calculate the remainder when 35340 is divided by 7066.
10
Calculate the remainder when 593 is divided by 11.
10
Calculate the remainder when 619352 is divided by 47.
33
Calculate the remainder when 21760 is divided by 3622.
28
Calculate the remainder when 713 is divided by 104.
89
Calculate the remainder when 18457 is divided by 18445.
12
What is the remainder when 3715 is divided by 1177?
184
Calculate the remainder when 131 is divided by 20.
11
Calculate the remainder when 12817 is divided by 13.
12
Calculate the remainder when 136210 is divided by 19.
18
What is the remainder when 656720 is divided by 39?
38
Calculate the remainder when 7682 is divided by 183.
179
Calculate the remainder when 8022 is divided by 148.
30
Calculate the remainder when 3754 is divided by 417.
1
What is the remainder when 35474 is divided by 35439?
35
Calculate the remainder when 32325 is divided by 226.
7
What is the remainder when 59825 is divided by 29?
27
What is the remainder when 634 is divided by 111?
79
Calculate the remainder when 22264 is divided by 158.
144
What is the remainder when 14558 is divided by 4851?
5
What is the remainder when 1052 is divided by 264?
260
Calculate the remainder when 128003 is divided by 510.
503
What is the remainder when 4431 is divided by 1473?
12
Calculate the remainder when 68879 is divided by 3130.
19
What is the remainder when 4617 is divided by 321?
123
Calculate the remainder when 13402 is divided by 315.
172
What is the remainder when 25429 is divided by 23?
14
Calculate the remainder when 488 is divided by 298.
190
Calculate the remainder when 44884 is divided by 48.
4
What is the remainder when 667 is divided by 14?
9
Calculate the remainder when 18405 is divided by 682.
673
What is the remainder when 1840 is divided by 232?
216
Calculate the remainder when 5552 is divided by 70.
22
Calculate the remainder when 99462 is divided by 1578.
48
What is the remainder when 6622 is divided by 40?
22
What is the remainder when 3245 is divided by 3098?
147
Calculate the remainder when 4600 is divided by 920.
0
What is the remainder when 3160 is divided by 6?
4
Calculate the remainder when 65307 is divided by 361.
327
Calculate the remainder when 16527 is divided by 178.
151
What is the remainder when 213057 is divided by 1491?
1335
What is the remainder when 9457 is divided by 875?
707
What is the remainder when 8677 is divided by 2094?
301
What is the remainder when 95183 is divided by 200?
183
What is the remainder when 207885 is divided by 852?
849
Calculate the remainder when 27659 is divided by 2513.
16
What is the remainder when 1250 is divided by 79?
65
Calculate the remainder when 33988 is divided by 870.
58
What is the remainder when 1414 is divided by 543?
328
What is the remainder when 38430 is divided by 85?
10
Calculate the remainder when 74549 is divided by 710.
709
What is the remainder when 5508 is divided by 47?
9
Calculate the remainder when 66683 is divided by 57.
50
Calculate the remainder when 781887 is divided by 1216.
1215
Calculate the remainder when 35024 is divided by 422.
420
What is the remainder when 99841 is divided by 74?
15
What is the remainder when 23153 is divided by 7712?
17
Calculate the remainder when 944 is divided by 125.
69
What is the remainder when 286238 is divided by 143113?
12
Calculate the remainder when 21652 is divided by 164.
4
What is the remainder when 3430 is divided by 159?
91
Calculate the remainder when 31112 is divided by 86.
66
Calculate the remainder when 47941 is divided by 2820.
1
What is the remainder when 558 is divided by 282?
276
What is the remainder when 49085 is divided by 64?
61
What is the remainder when 2313 is divided by 571?
29
What is the remainder when 309153 is divided by 73?
71
What is the remainder when 148594 is divided by 153?
31
What is the remainder when 717397 is divided by 200?
197
What is the remainder when 219442 is divided by 667?
666
Calculate the remainder when 53044 is divided by 26516.
12
Calculate the remainder when 164504 is divided by 16.
8
What is the remainder when 944753 is divided by 401?
398
What is the remainder when 15436 is divided by 108?
100
Calculate the remainder when 4218 is divided by 414.
78
What is the remainder when 5430 is divided by 602?
12
Calculate the remainder when 2407 is divided by 28.
27
What is the remainder when 1432 is divided by 384?
280
What is the remainder when 1113551 is divided by 72?
71
Calculate the remainder when 39863 is divided by 1533.
5
What is the remainder when 87715 is divided by 91?
82
Calculate the remainder when 5369 is divided by 28.
21
Calculate the remainder when 48558 is divided by 71.
65
What is the remainder when 77128 is divided by 241?
8
Calculate the remainder when 56347 is divided by 32.
27
What is the remainder when 1562098 is divided by 254?
252
What is the remainder when 877 is divided by 313?
251
Calculate the remainder when 409233 is divided by 787.
780
What is the remainder when 2785 is divided by 942?
901
Calculate the remainder when 6769 is divided by 617.
599
Calculate the remainder when 168849 is divided by 976.
1
Calculate the remainder when 4177 is divided by 199.
197
What is the remainder when 292531 is divided by 214?
207
Calculate the remainder when 9420 is divided by 189.
159
Calculate the remainder when 15072 is divided by 14.
8
What is the remainder when 3877214 is divided by 423?
419
What is the remainder when 322759 is divided by 374?
371
Calculate the remainder when 186664 is divided by 587.
585
Calculate the remainder when 8302 is divided by 628.
138
What is the remainder when 210996 is divided by 257?
256
What is the remainder when 3445733 is divided by 148?
145
Calculate the remainder when 27226 is divided by 856.
690
What is the remainder when 7271 is divided by 369?
260
What is the remainder when 280204 is divided by 64?
12
What is the remainder when 4589 is divided by 905?
64
What is the remainder when 389386 is divided by 1244?
14
What is the remainder when 59943 is divided by 159?
0
Calculate the remainder when 33523 is divided by 1240.
43
What is the remainder when 16609 is divided by 22?
21
Calculate the remainder when 225011 is divided by 119.
101
What is the remainder when 470 is divided by 361?
109
What 